Suppose z*u + 111 = 3*u. Is u a composite number?
True
Let u(d) = -6*d**3 - d**2 + d + 6. Let a be u(5). Is a/8*(-5 - -3) composite?
False
Is 1*(-1)/4 + (-86224)/(-64) a prime number?
False
Let m be 2/(-4*1/(-22)). Suppose 4*v = 34 + 66. Suppose -m*c = -10*c - v. Is c a prime number?
False
Let v(x) = -5*x**2 + x + 6. Let d(p) = -p**2 - p. Let c(s) = 4*d(s) - v(s). Let m be c(6). Suppose -2*z + m*z = -4*l + 70, 4*l = 5*z + 61. Is l prime?
True
Suppose -5*y - 465 = -5*t, -4*t + 63 = 3*y - 281. Is t a composite number?
False
Suppose -o + 4*o = -93. Let f = 49 + o. Suppose -i = i - f. Is i composite?
True
Is 251/(3 + (-2)/1) a composite number?
False
Suppose b + 2*c - 43 - 9 = 0, 0 = -3*b + c + 177. Is b a composite number?
True
Suppose 5*a - 5*w - 90 = 0, -a - w = -4*a + 60. Suppose 0*s = 2*m - s + 39, -m - s = a. Is (-8)/m + (-326)/(-10) a prime number?
False
Suppose 2*k + 0*k = -4*r + 1240, -3*r + 929 = 2*k. Is r prime?
True
Suppose -3*n + 116 = -817. Is n a composite number?
False
Let z = -1689 - -3454. Is z composite?
True
Suppose 3*d = -3*o - 21, -2*d + 13 = -d - 4*o. Let i be (0 + 1)*(d + 2). Is -2 + (1 - -25) + i a prime number?
True
Let k be 5 - (1 + (1 - -1)). Suppose -6*s + k*s = -148. Is s a composite number?
False
Let z = -547 - -836. Is z a composite number?
True
Suppose 5*p = 2*g - 3 + 10, 5*p + 1 = 4*g. Suppose -2*h - 2 = -5*b + h, 3*h - p = 0. Let q(k) = 112*k + 1. Is q(b) composite?
False
Suppose 506 = 2*y + 4*w, -4*y + 253 = -3*y - 4*w. Is y a composite number?
True
Let c = 2561 + -1344. Is c composite?
False
Let b = -1146 - -2023. Is b a prime number?
True
Suppose -n - 4*g = -186, -2*n = -2*g - 294 - 88. Suppose 4*f + 2*h = -336 - n, 0 = -2*f - 2*h - 266. Let q = 57 - f. Is q a prime number?
False
Let r(b) = b**2 - 6*b + 2. Let s be r(6). Suppose y - s = -0*y. Suppose 4*t - 30 = -3*l + 15, -t - 41 = -y*l. Is l composite?
False
Let o(m) = m**3 + 7*m**2 - 9*m - 4. Let p be o(-8). Suppose p*g + 30 = 6*g. Is g composite?
True
Suppose -2*c + 3*q + 238 = 4*q, 2 = q. Suppose -3*j - 2*o = -c, 4*j + 5*o - 41 = 114. Is j/(2 + 0) + -1 a composite number?
False
Let h(l) = -l**3 + 3*l + 1. Let i be 1 + 9/(-4 - -1). Let p be h(i). Suppose 7*b = p*b + 388. Is b a composite number?
False
Let t = 995 - 430. Is t a composite number?
True
Let l(m) = m**3 + 5*m**2 - m + 1. Let r be l(4). Suppose u - 295 = -3*k - 81, r = 2*k - u. Is k composite?
False
Let h(v) = v**2 - 4*v + 41. Is h(18) a composite number?
False
Let b be 12*(2 - 20/12). Is -2*b/(-8)*149 composite?
False
Suppose 4*k = 2 + 6. Let r(z) = -z**2 + 0*z**k + 5 + 4*z**2 + 2*z**2 - 3*z. Is r(8) a composite number?
True
Let b(p) = -p**2 - 6*p - 5. Let a be b(-4). Suppose -a*i = 2*i - 15, -5*g + 4*i = -323. Is g composite?
False
Let g = 345 + 278. Is g prime?
False
Let c = -28 + 46. Suppose 3*k - 12 = c. Is k composite?
True
Let w(s) = s - 5. Let u be w(6). Let i = 32 - 17. Let m = i - u. Is m prime?
False
Let c(o) = o**3 - o**2 + 14. Is c(4) prime?
False
Is ((-1)/3)/((-9)/22707) prime?
False
Let n(u) = -12*u**3 - 4*u**2 - 3*u - 4. Let h be n(-3). Suppose -4*g + 4*y = -328, 4*g + 3*y - h = -0*g. Is g a prime number?
False
Let x = 12 + -7. Suppose 0*l = -x*l + 95. Is l a prime number?
True
Suppose 0 = -3*w - 0*u + 3*u, w + 5*u + 12 = 0. Let n = 4 - w. Is n prime?
False
Let k be 15/2*(-4)/(-6). Suppose -w + 5*s + 215 = 4*w, 5*w + k*s - 245 = 0. Is w a composite number?
True
Let g be 1704/14 - (-4)/14. Suppose 3*s - 2*k - g = -2*s, s + 3*k - 38 = 0. Is s composite?
True
Let c be 144 - 2*1/(-2). Let n = c + -56. Is n a composite number?
False
Suppose 5*v + 1 = 26. Let b(j) = j**3 - 5*j**2 + 5 - 1 + 0*j**3. Is b(v) composite?
True
Let x(c) = -5*c + 1. Is x(-2) a composite number?
False
Suppose -2*x + 388 = 2*x. Is x a composite number?
False
Is 0 + -5 - (-445 - 5) a composite number?
True
Let j be (2 - (2 + 0))/(-1). Suppose 3*z - 5*x - 27 - 1182 = 0, -3*z + x + 1209 = j. Is z a composite number?
True
Let k(l) = 11*l**2 + 2*l - 2. Is k(-5) prime?
True
Let g(c) = 7*c**2 - 5. Let t be g(-5). Suppose -5*f = 3*w - 282, -2*f + 49 + 61 = 4*w. Let h = t - f. Is h composite?
False
Let y(a) = 4*a - 2*a**2 + 4 + 0*a**2 + 3*a**2 - 2*a**3. Is y(-3) prime?
False
Let i(x) = -2*x - 2. Let z be i(8). Is (-3)/z - (-2434)/12 prime?
False
Let o be (1 - (-32)/(-20))*-295. Suppose -4*h + 263 = -5*f, 5*h - 4*f - 154 = o. Is h a composite number?
False
Let w be (-1)/(2*2/(-8)). Let m(p) = 10*p + p**2 - 7*p + 2*p**3 + 1 - 2. Is m(w) a prime number?
False
Suppose -20 = -4*h + 4*n, -3*n - n = -h + 5. Suppose -p - 2*w + 64 = -129, -h*p - w = -956. Is p a prime number?
True
Is -1 - 9816/(-3)*1 a composite number?
False
Suppose 15*y - 14*y = 4*w - 7689, -5*w = -2*y - 9609. Is w a composite number?
True
Suppose -3*g - 38 = 70. Is (g - -1)/(-4 - -3) prime?
False
Let k(p) = p**3 - 4*p**2 + p - 5. Let u be ((-1)/3)/(1/(-9)). Let z be 19/u - 2/(-3). Is k(z) a prime number?
True
Suppose -5*p = -j - 5, -6*j - 20 = p - 2*j. Let b(y) = -y**2 - 20. Let h be b(p). Let g = 43 + h. Is g composite?
False
Suppose 3*y = 106 + 227. Suppose -15 = -3*h + c + 45, 0 = -5*h - 2*c + y. Is h a prime number?
False
Let p be (3 + 1)/(3 - 1). Suppose s + 6*a = p*a - 514, -3*a - 2017 = 4*s. Let i = -245 - s. Is i a prime number?
True
Let g(k) = 2*k**3 + 1. Let z be g(1). Suppose y - 1 = 4*r, 0 = -z*r + 2 + 1. Suppose -b = s - 72, 143 = s + y*b + 59. Is s prime?
False
Suppose 4*j = 7 + 5. Let c(q) = -q**2 + 4*q - 3. Let i be c(j). Is (804/(-6))/(-2 + i) a composite number?
False
Let v(c) = 211*c. Let s be v(-1). Let n = 374 + s. Is n composite?
False
Suppose 13738 = 4*c - c - 5*y, -4*c = -3*y - 18299. Is c a prime number?
False
Let p(w) be the second derivative of 21/20*w**5 + 0*w**3 + 1/12*w**4 - 1/2*w**2 + 0 - w. Is p(1) prime?
False
Suppose 3*q - y - 288 = q, -y - 433 = -3*q. Is q composite?
True
Suppose -3*g + 4*g = 8. Suppose -3*q - 4 = -q. Is (36/g)/((-1)/q) a composite number?
True
Suppose 0*x = 3*x - 42. Is (-486)/(-21) + (-2)/x a prime number?
True
Let n be (-2)/8*-2*120. Suppose -n = -5*l + 515. Suppose 2*f - l = -1. Is f a prime number?
False
Suppose 5291 + 26995 = 6*s. Is s composite?
False
Suppose -4*k - 21 = 27. Let c = k - -7. Is (77/4)/(c/(-20)) prime?
False
Suppose 2*h + 10 - 4 = 0. Is -18*-1*(-1)/h prime?
False
Let u = 14 - 8. Is (-309)/(-9) - u/(-9) a prime number?
False
Suppose 0 = -2*o - 5 - 7. Let l = 5 - 2. Is l/o + (-51)/(-2) a prime number?
False
Suppose 6*n - 12*n + 4242 = 0. Is n a composite number?
True
Suppose 0 = 5*d + 4*l - 6, 0 = 5*d - l - 12 + 1. Suppose -d*r = -6*r + 3*c + 659, -3*r + 488 = -c. Is r a composite number?
True
Suppose -4*w - k + 12594 = -3*k, -3*w = 3*k - 9450. Is w composite?
True
Let u = -19 - -8. Let b = 11 + u. Suppose -i - 143 = -z, 3*z + 6*i - 4*i - 439 = b. Is z a composite number?
True
Suppose -2*i = 2*i + 284. Let p = 232 + i. Is p a prime number?
False
Let y = 0 + 2. Suppose -2 - 8 = 4*k + y*g, -3*k = -g - 5. Suppose -95 = -w - k*w. Is w composite?
True
Let q = 26 - 4. Suppose -5*s - 5 = 5*n, -2*s + 2*n + q = -2*n. Suppose 0 = 3*u + s*a - 69, a - 17 = u - 46. Is u composite?
True
Let o(k) = 2*k**2 + 7*k + 12. Is o(-13) a prime number?
False
Suppose -2*l = 4*u - 10094, -3*l = 3*u - 0*l - 7578. Is u prime?
True
Suppose -3*j = 2*y + 340, 3*j + 216 = j - 4*y. Let g = j - 209. Let l = -162 - g. Is l a prime number?
True
Suppose 858 = u + u. Suppose -5*s - u = -3*k, -528 = -3*k + 4*s - 96. Suppose 0 = -b - 3*b + k. Is b composite?
False
Is (-2)/(2*(-3)/186) a prime number?
False
Suppose -t = 35 + 191. Let r = 725 + -388. Let p = r + t. Is p a prime number?
False
Let h(a) = -9*a - 14*a + 5*a - a + 9. Is h(-8) prime?
False
Is 14/(((-20)/86)/(-5)) a composite number?
True
Suppose -5*c = 2*j + 3*j - 50, -22 = -4*j + 2*c. Suppose -j*a = -2*a - 655. Is a a prime number?
True
Suppose -p - 4 = -2*f, -3*p - 10 = -4*p - 5*f. Suppose -g + 0*n + 78 = -5*n, p = 5*n + 25. Is g composite?
False
Let c = 2844 - 1247. Is c a prime number?
True
Let s(x) be the first derivative of x**3 - 3*x**2/2 - 5*x - 2. Is s(-5) a composite number?
True
Let h = 11 + -6. Let t = h - 23. Let v = 25 + t. Is v a composite number?
False
Suppose 30 = 3*c - 0*c. Suppose 16 = t - c. Is t composite?
True
Let d = 6212 + -543. Is d a composi